-5) + -2. What is the highest common factor of n and 70?
10
Let l = 5448 - 5128. What is the greatest common factor of 1744 and l?
16
Let a = 1192 - 1157. What is the highest common factor of a and 259?
7
Let l be (44/(-20) - -3)*(-1 - -2536)/3. Calculate the greatest common factor of l and 4.
4
Suppose 0 = 61*l + 33807 - 332402. What is the greatest common divisor of 11 and l?
11
Suppose 106 + 95 = 3*d + 2*f, d - 4*f - 53 = 0. Suppose 730 = 3*c + c + v, -10 = -5*v. Calculate the greatest common factor of d and c.
13
Suppose -3*a + b = -147, -3*a + 51 = 3*b - 84. Let h = -46 + 106. Suppose 30*t + h = 35*t. What is the highest common factor of t and a?
12
Let c be (-63)/(-45) + 7/(-5). Suppose c = 2*s - 2*z - 80, -219 + 17 = -5*s + 4*z. What is the highest common factor of s and 35?
7
Let x = 6691 - 6020. What is the greatest common factor of x and 55?
11
Suppose -280*x + 73724 - 29777 = -23*x. Let w = 31 - 22. Calculate the greatest common factor of w and x.
9
Let a be 4/(-4)*-1 + -13. Let c = -29 - -50. Let i be c*(-4)/a*15. Calculate the greatest common divisor of i and 15.
15
Suppose 1185*r = -4*o + 1180*r + 285, -4*r - 175 = -3*o. Suppose 3*m - 83 = 34. What is the greatest common factor of m and o?
13
Suppose 0 = -4*s + 61 + 39. Let h be (6/8)/(1/8). Suppose -h*i + i + 25 = 0. What is the highest common divisor of s and i?
5
Let i(l) = -2*l**2 + 36*l - 41. Let u be i(16). Suppose 39*x - 14592 = u*x. What is the highest common factor of 32 and x?
16
Suppose -76*s = -79*s + 1860. Calculate the highest common divisor of s and 1085.
155
Suppose 2*m = -g + 210 + 73, 5*g - m = 1426. Calculate the greatest common divisor of 165 and g.
15
Let i = -73 - -78. Suppose -66 = -2*d + 3*z, 111 + 28 = i*d - z. Let s be 3/9*3*3. What is the greatest common factor of d and s?
3
Let q be 126*(-6)/(-864)*(1 + 7). Let f be (-194)/(-4) + (-1)/(-2). Calculate the greatest common factor of q and f.
7
Suppose 3*z + 3*z - 30 = 0. Suppose -5*j = -5*i + 5, -11 = z*j + 4*i - 6*i. Let y be j/12 - ((-18)/8 - 0). What is the highest common divisor of y and 6?
2
Suppose -105 = 2*h - 9*h. Suppose h*q - 18*q = -675. Calculate the highest common factor of 90 and q.
45
Let w(f) = -991*f - 5. Let r be w(-3). Suppose -5*h + y - 3*y = -r, 2*h - 5*y = 1193. What is the highest common divisor of 11 and h?
11
Let f = 223 + -52. Let p(s) = -s**3 - 46*s**2 - 129*s + 9. Let y be p(-43). Calculate the highest common factor of f and y.
9
Suppose -5*k + 3*k + 4 = 0. Let u be (-3 + 5 + -10)/(k/(-1)). Suppose i = 5*r - 44, -4*r + 33 = -u*i + 1. What is the greatest common factor of 72 and r?
9
Let g(m) = m**2 - 390*m - 2352. Let d be g(-6). What is the highest common divisor of 546 and d?
6
Suppose 0*b - 101*b - 34*b = -5940. What is the highest common divisor of 3971 and b?
11
Let v be 15/((-75)/(-10))*-10. Let r be 48*((-261)/(-36) - v/(-4)). What is the greatest common divisor of r and 96?
12
Suppose 3*y - 292 - 335 = 0. Let s = y - 172. Calculate the greatest common factor of s and 1.
1
Suppose v + 1 = -0*v, 191 = z + v. Suppose -5*b - 3*y = -21, 3 = -5*b + 2*y + 39. What is the greatest common divisor of z and b?
6
Let d = 20548 + -20212. What is the greatest common factor of d and 4928?
112
Let h(b) = 47*b**2 + 3 - 49*b**2 + 8 - 31*b. Let d be h(-13). What is the greatest common factor of d and 190?
38
Let i = 199 + -180. Let g be 5 + (2 + -1)*-3. Suppose g*x - 149 = 193. Calculate the greatest common divisor of x and i.
19
Let y be 5370/180 + ((-26)/143 - 23/(-66)). Calculate the highest common divisor of 20 and y.
10
Suppose 0 = 17*u - 70*u + 8798. What is the greatest common factor of u and 1909?
83
Let d(i) = -2*i + 130. Let q(p) = 5*p - 7. Let w be q(-9). Let v = w - -52. Let u be d(v). Calculate the highest common divisor of u and 26.
26
Let a = -290 - -618. Suppose -12*v + a = -8*v - g, -4*v - g + 320 = 0. What is the greatest common divisor of v and 3?
3
Let s(q) = 5*q**2 + 14*q - 6. Let j = -149 - -281. Let i be 2/6 + j/(-18). Let n be s(i). What is the highest common divisor of 94 and n?
47
Let f(q) = 11*q. Let m be f(2). Let d be 99/(-12) + 2/8. Let l(r) = 2*r**2 + 5*r + 22. Let v be l(d). What is the greatest common factor of v and m?
22
Let n be (371/(-4))/(((-117)/(-72))/(-13)). What is the highest common factor of 28 and n?
14
Suppose -19 = -598*n + 594*n + 3*p, 3*n = 2*p + 15. Calculate the greatest common divisor of 80 and n.
1
Let l(n) = -5618*n - 1665. Let z be l(-3). Calculate the highest common factor of 183 and z.
183
Let f = -98 - -175. Let n be f - ((6 - 1) + -4). What is the greatest common factor of 4 and n?
4
Suppose 0*d + 2*d - 4 = 0. Suppose 33 = d*g - 15. Let o = 32586 - 32370. Calculate the greatest common divisor of o and g.
24
Suppose -12 = -4*t + 4, -5*q + 2055 = 5*t. Calculate the greatest common factor of q and 111.
37
Suppose -7*v = 2*v - 522. Calculate the highest common divisor of v and 26.
2
Suppose -4*i = -b + 125, 4*b - 156*i - 339 = -163*i. What is the greatest common divisor of b and 14647?
97
Suppose 3*g + 8 = 8. Suppose g = -f - 3*f + 12. Let w be 49/1 - (f + -6). What is the greatest common factor of w and 26?
26
Let b = 22 + -14. Let i be (18/b)/(3/16). Let d be (30/i)/((-5)/(-4)). What is the greatest common factor of d and 1?
1
Suppose 12*i - 759 = i. Let p = 293 - i. What is the highest common divisor of p and 28?
28
Let m(l) = -2*l**3 - 3*l**2 + 6*l - 45. Let x be m(-5). Calculate the greatest common factor of 725 and x.
25
Let a be -1 + 9 + (-98 - -6870). Calculate the greatest common factor of 60 and a.
60
Let t be (-120)/(-42)*(-13 + 55) - 6*-1. Suppose -q = 2*a - 16, -7 = -4*a - 5*q + 19. What is the highest common divisor of t and a?
9
Let d(o) = o**2 - 14*o - 77. Let i be d(19). Let y be -5*((-51)/9)/(30/i). Calculate the greatest common divisor of 17 and y.
17
Let k be (-3 - 14)*(-3)/((-6)/2). Let u = -19 - k. Let a be 2 + 24 + -4 - u. What is the highest common divisor of a and 12?
12
Let f be 2 + 4/10*10. Let b(g) = 9*g + 37. Let v be b(f). Calculate the greatest common divisor of 13 and v.
13
Let n be ((-60)/(-7))/((-9)/18*(-6)/4011). What is the highest common factor of n and 30?
30
Let x be 3/3*(68 + -8). Calculate the highest common divisor of x and 340.
20
Let h = 1162 + -963. What is the highest common factor of h and 19303?
199
Let g = -246 + 615. Suppose 7*b - 104 + 62 = 0. Suppose b*y = -5*s + 3*y + 193, 5*y = -5*s + 185. What is the greatest common divisor of g and s?
41
Suppose 11*k - 20 = 10*k. Suppose k*g + 0*g = 100. Calculate the highest common divisor of g and 95.
5
Let c be 6/(-2) - 125/(-25). Suppose -2*j + 4*d = -772, -1554 = -4*j + c*d + d. What is the highest common divisor of j and 10?
10
Let z(o) = 15*o**2 + 16 - 24*o + 1 - 26 - o**3. Let h be z(13). Suppose -h*g - 25 = -22*g. What is the greatest common factor of 15 and g?
5
Suppose -23*x = 18*x - 2009. What is the highest common factor of 2891 and x?
49
Suppose 84 = -5*r + 2*w, 4*r + 81 = -12*w + 9*w. Let c be (r/(-7))/(51/357). Calculate the highest common factor of c and 162.
18
Let r = -21658 - -21686. What is the greatest common divisor of r and 5516?
28
Suppose -507 - 21644 - 7769 = -55*k. What is the highest common factor of k and 340?
68
Let h be 25*(-1 - -2) + -5. Suppose -22*p - 60 = -h*p. Let b be (-986)/p - (-10)/75. What is the highest common factor of 66 and b?
33
Suppose 0 = 5*z - 166 - 84. Let q = -1644 - -1652. What is the highest common factor of q and z?
2
Suppose -12*j + 11*j = 4. Let r be j/(-14) - -2*(-24)/(-28). Suppose -r - 16 = -9*i. Calculate the greatest common factor of i and 10.
2
Let g be (4 + -7 - 98/(-4))*2. Suppose -8*j = -483 + g. Suppose q - 6*q + 28 = 3*a, -1 = q. What is the greatest common divisor of j and a?
11
Suppose -2*x + 5*z = -609, 1132 = 3*x + z + 210. Let u = x + -209. Calculate the highest common divisor of 42 and u.
14
Let d be 408*(10/12 + 6/(-18)). Let z be d/15 - (-3)/(-5). Suppose -5*t + z = -62. Calculate the greatest common factor of 15 and t.
15
Let t(v) be the second derivative of 1/3*v**3 - 1/12*v**4 + 0 + 1/20*v**5 - 6*v - 2*v**2. Let b be t(4). What is the highest common factor of b and 78?
26
Let f = 39 + -21. Suppose -324 = 15*d - 21*d. Calculate the highest common factor of f and d.